{"id":12,"date":"2018-06-27T13:51:22","date_gmt":"2018-06-27T11:51:22","guid":{"rendered":"https:\/\/diskon.pl\/?page_id=12"},"modified":"2026-02-17T11:52:55","modified_gmt":"2026-02-17T10:52:55","slug":"serwis-i-sprzedaz","status":"publish","type":"page","link":"https:\/\/diskon.pl\/index.php\/serwis-i-sprzedaz\/","title":{"rendered":"Serwis i sprzeda\u017c"},"content":{"rendered":"\t\t<div data-elementor-type=\"wp-post\" data-elementor-id=\"12\" class=\"elementor elementor-12\" data-elementor-post-type=\"page\">\n\t\t\t\t\t\t<section class=\"elementor-section elementor-top-section elementor-element elementor-element-235c2d6 elementor-section-stretched elementor-section-boxed elementor-section-height-default elementor-section-height-default\" data-id=\"235c2d6\" data-element_type=\"section\" data-e-type=\"section\" data-settings=\"{&quot;stretch_section&quot;:&quot;section-stretched&quot;,&quot;background_background&quot;:&quot;classic&quot;}\">\n\t\t\t\t\t\t<div class=\"elementor-container elementor-column-gap-default\">\n\t\t\t\t\t<div class=\"elementor-column elementor-col-100 elementor-top-column elementor-element elementor-element-2269b3f\" data-id=\"2269b3f\" data-element_type=\"column\" data-e-type=\"column\">\n\t\t\t<div class=\"elementor-widget-wrap elementor-element-populated\">\n\t\t\t\t\t\t<div class=\"elementor-element elementor-element-3dfde67 elementor-widget-divider--view-line elementor-widget elementor-widget-divider\" data-id=\"3dfde67\" data-element_type=\"widget\" data-e-type=\"widget\" data-widget_type=\"divider.default\">\n\t\t\t\t<div class=\"elementor-widget-container\">\n\t\t\t\t\t\t\t<div class=\"elementor-divider\">\n\t\t\t<span class=\"elementor-divider-separator\">\n\t\t\t\t\t\t<\/span>\n\t\t<\/div>\n\t\t\t\t\t\t<\/div>\n\t\t\t\t<\/div>\n\t\t\t\t<div class=\"elementor-element elementor-element-c9697da elementor-widget elementor-widget-heading\" data-id=\"c9697da\" data-element_type=\"widget\" data-e-type=\"widget\" data-widget_type=\"heading.default\">\n\t\t\t\t<div class=\"elementor-widget-container\">\n\t\t\t\t\t<h2 class=\"elementor-heading-title elementor-size-default\">Serwis i sprzeda\u017c<\/h2>\t\t\t\t<\/div>\n\t\t\t\t<\/div>\n\t\t\t\t<div class=\"elementor-element elementor-element-ed8a798 elementor-widget elementor-widget-text-editor\" data-id=\"ed8a798\" data-element_type=\"widget\" data-e-type=\"widget\" data-widget_type=\"text-editor.default\">\n\t\t\t\t<div class=\"elementor-widget-container\">\n\t\t\t\t\t\t\t\t\t<p>Sprzeda\u017c Laptop\u00f3w i Komputer\u00f3w u\u017cywanych i nowych<\/p>\t\t\t\t\t\t\t\t<\/div>\n\t\t\t\t<\/div>\n\t\t\t\t<section class=\"elementor-section elementor-inner-section elementor-element elementor-element-bf79fa9 elementor-section-boxed elementor-section-height-default elementor-section-height-default\" data-id=\"bf79fa9\" data-element_type=\"section\" data-e-type=\"section\">\n\t\t\t\t\t\t<div class=\"elementor-container elementor-column-gap-default\">\n\t\t\t\t\t<div class=\"elementor-column elementor-col-50 elementor-inner-column elementor-element elementor-element-0ba3b8f\" data-id=\"0ba3b8f\" data-element_type=\"column\" data-e-type=\"column\">\n\t\t\t<div class=\"elementor-widget-wrap elementor-element-populated\">\n\t\t\t\t\t\t<div class=\"elementor-element elementor-element-bf74301 title_line elementor-widget elementor-widget-heading\" data-id=\"bf74301\" data-element_type=\"widget\" data-e-type=\"widget\" data-widget_type=\"heading.default\">\n\t\t\t\t<div class=\"elementor-widget-container\">\n\t\t\t\t\t<h5 class=\"elementor-heading-title elementor-size-default\">Komputery i Laptopy<br>U\u017cywane w cenach od 300z\u0142<\/h5>\t\t\t\t<\/div>\n\t\t\t\t<\/div>\n\t\t\t\t\t<\/div>\n\t\t<\/div>\n\t\t\t\t<div class=\"elementor-column elementor-col-50 elementor-inner-column elementor-element elementor-element-8900075\" data-id=\"8900075\" data-element_type=\"column\" data-e-type=\"column\">\n\t\t\t<div class=\"elementor-widget-wrap elementor-element-populated\">\n\t\t\t\t\t\t<div class=\"elementor-element elementor-element-2db4a27 title_line elementor-widget elementor-widget-heading\" data-id=\"2db4a27\" data-element_type=\"widget\" data-e-type=\"widget\" data-widget_type=\"heading.default\">\n\t\t\t\t<div class=\"elementor-widget-container\">\n\t\t\t\t\t<h5 class=\"elementor-heading-title elementor-size-default\">Komputery i Laptopy<br>Nowe w cenach od 1300z\u0142<\/h5>\t\t\t\t<\/div>\n\t\t\t\t<\/div>\n\t\t\t\t\t<\/div>\n\t\t<\/div>\n\t\t\t\t\t<\/div>\n\t\t<\/section>\n\t\t\t\t<section class=\"elementor-section elementor-inner-section elementor-element elementor-element-c6365dd elementor-section-boxed elementor-section-height-default elementor-section-height-default\" data-id=\"c6365dd\" data-element_type=\"section\" data-e-type=\"section\">\n\t\t\t\t\t\t<div class=\"elementor-container elementor-column-gap-default\">\n\t\t\t\t\t<div class=\"elementor-column elementor-col-33 elementor-inner-column elementor-element elementor-element-98d6e4b\" data-id=\"98d6e4b\" data-element_type=\"column\" data-e-type=\"column\">\n\t\t\t<div class=\"elementor-widget-wrap elementor-element-populated\">\n\t\t\t\t\t\t<div class=\"elementor-element elementor-element-05a1f6b title_line elementor-widget elementor-widget-heading\" data-id=\"05a1f6b\" data-element_type=\"widget\" data-e-type=\"widget\" data-widget_type=\"heading.default\">\n\t\t\t\t<div class=\"elementor-widget-container\">\n\t\t\t\t\t<h5 class=\"elementor-heading-title elementor-size-default\">Serwis Laptop\u00f3w<\/h5>\t\t\t\t<\/div>\n\t\t\t\t<\/div>\n\t\t\t\t<div class=\"elementor-element elementor-element-dbb47b1 elementor-widget elementor-widget-text-editor\" data-id=\"dbb47b1\" data-element_type=\"widget\" data-e-type=\"widget\" data-widget_type=\"text-editor.default\">\n\t\t\t\t<div class=\"elementor-widget-container\">\n\t\t\t\t\t\t\t\t\t<ul><li>Naprawa komputer\u00f3w Apple iPad, iMac, Mac, MacBook<\/li><li>Rozbudowa komputer\u00f3w Apple, aktualizacja.<\/li><li>Diagnozowanie uszkodze\u0144 laptop\u00f3w i komputer\u00f3w<\/li><li>Naprawa i konserwacja systemu operacyjnego<\/li><li style=\"font-size: 14px;\"><span style=\"font-size: 14px;\">Usuwanie wirus\u00f3w i przywracanie stabilnego dzia\u0142ania systemu<\/span><\/li><\/ul>\t\t\t\t\t\t\t\t<\/div>\n\t\t\t\t<\/div>\n\t\t\t\t\t<\/div>\n\t\t<\/div>\n\t\t\t\t<div class=\"elementor-column elementor-col-33 elementor-inner-column elementor-element elementor-element-6a11a46\" data-id=\"6a11a46\" data-element_type=\"column\" data-e-type=\"column\">\n\t\t\t<div class=\"elementor-widget-wrap elementor-element-populated\">\n\t\t\t\t\t\t<div class=\"elementor-element elementor-element-5ff4038 elementor-widget elementor-widget-text-editor\" data-id=\"5ff4038\" data-element_type=\"widget\" data-e-type=\"widget\" data-widget_type=\"text-editor.default\">\n\t\t\t\t<div class=\"elementor-widget-container\">\n\t\t\t\t\t\t\t\t\t<ul>\n<li><span style=\"font-size: 14px;\">Naprawa uk\u0142ad\u00f3w zasilania Laptop\u00f3w, wymiana gniazd zasilania<\/span><br><\/li>\n<li>Wymiana lub Naprawa uk\u0142ad\u00f3w BGA grafiki<\/li>\n<li>Wymiana lub Naprawa Matryc w Laptopach, Naprawa pod\u015bwietlenia, wymiana zawias\u00f3w<\/li><li style=\"font-size: 14px;\">Diagnozowanie uszkodze\u0144 Pami\u0119ci RAM; Rozbudowa Pami\u0119ci RAM<\/li>\n<\/ul>\t\t\t\t\t\t\t\t<\/div>\n\t\t\t\t<\/div>\n\t\t\t\t\t<\/div>\n\t\t<\/div>\n\t\t\t\t<div class=\"elementor-column elementor-col-33 elementor-inner-column elementor-element elementor-element-6de5f9c\" data-id=\"6de5f9c\" data-element_type=\"column\" data-e-type=\"column\">\n\t\t\t<div class=\"elementor-widget-wrap elementor-element-populated\">\n\t\t\t\t\t\t<div class=\"elementor-element elementor-element-6f137a7 elementor-widget elementor-widget-text-editor\" data-id=\"6f137a7\" data-element_type=\"widget\" data-e-type=\"widget\" data-widget_type=\"text-editor.default\">\n\t\t\t\t<div class=\"elementor-widget-container\">\n\t\t\t\t\t\t\t\t\t<ul><li><span style=\"font-size: 14px;\">Wymiana Nap\u0119d\u00f3w DVD-RW<\/span><\/li><li>Wymiana klawiatur laptop\u00f3w<\/li><li>Odzysk danych z Dysk\u00f3w Twardych; Wymiana i naprawa HDD<\/li><li>Zasilacze sieciowe i samochodowe, przetwornice dla laptop\u00f3w<\/li><li>Baterie do laptop\u00f3w<\/li><\/ul>\t\t\t\t\t\t\t\t<\/div>\n\t\t\t\t<\/div>\n\t\t\t\t\t<\/div>\n\t\t<\/div>\n\t\t\t\t\t<\/div>\n\t\t<\/section>\n\t\t\t\t<section class=\"elementor-section elementor-inner-section elementor-element elementor-element-138897b elementor-section-boxed elementor-section-height-default elementor-section-height-default\" data-id=\"138897b\" data-element_type=\"section\" data-e-type=\"section\">\n\t\t\t\t\t\t<div class=\"elementor-container elementor-column-gap-default\">\n\t\t\t\t\t<div class=\"elementor-column elementor-col-100 elementor-inner-column elementor-element elementor-element-529f0b5\" data-id=\"529f0b5\" data-element_type=\"column\" data-e-type=\"column\">\n\t\t\t<div class=\"elementor-widget-wrap elementor-element-populated\">\n\t\t\t\t\t\t<div class=\"elementor-element elementor-element-0dd8887 elementor-widget elementor-widget-text-editor\" data-id=\"0dd8887\" data-element_type=\"widget\" data-e-type=\"widget\" data-widget_type=\"text-editor.default\">\n\t\t\t\t<div class=\"elementor-widget-container\">\n\t\t\t\t\t\t\t\t\t<p>Na naprawy wystawiamy faktury VAT i pisemn\u0105 gwarancj\u0119.<\/p><p>Przyjmujemy p\u0142atno\u015bci kart\u0105, Blik, got\u00f3wka i raty.<\/p><p>W rozliczeniu przyjmujemy stare cz\u0119\u015bci jak r\u00f3wnie\u017c ca\u0142e laptopy (sprawne lub uszkodzone)<\/p>\t\t\t\t\t\t\t\t<\/div>\n\t\t\t\t<\/div>\n\t\t\t\t\t<\/div>\n\t\t<\/div>\n\t\t\t\t\t<\/div>\n\t\t<\/section>\n\t\t\t\t<section class=\"elementor-section elementor-inner-section elementor-element elementor-element-7f7081c elementor-section-boxed elementor-section-height-default elementor-section-height-default\" data-id=\"7f7081c\" data-element_type=\"section\" data-e-type=\"section\">\n\t\t\t\t\t\t<div class=\"elementor-container elementor-column-gap-default\">\n\t\t\t\t\t<div class=\"elementor-column elementor-col-50 elementor-inner-column elementor-element elementor-element-f8e2458\" data-id=\"f8e2458\" data-element_type=\"column\" data-e-type=\"column\">\n\t\t\t<div class=\"elementor-widget-wrap elementor-element-populated\">\n\t\t\t\t\t\t<div class=\"elementor-element elementor-element-799677f title_line elementor-widget elementor-widget-heading\" data-id=\"799677f\" data-element_type=\"widget\" data-e-type=\"widget\" data-widget_type=\"heading.default\">\n\t\t\t\t<div class=\"elementor-widget-container\">\n\t\t\t\t\t<h5 class=\"elementor-heading-title elementor-size-default\">Serwis Laptop\u00f3w<\/h5>\t\t\t\t<\/div>\n\t\t\t\t<\/div>\n\t\t\t\t<div class=\"elementor-element elementor-element-4b94959 elementor-widget elementor-widget-text-editor\" data-id=\"4b94959\" data-element_type=\"widget\" data-e-type=\"widget\" data-widget_type=\"text-editor.default\">\n\t\t\t\t<div class=\"elementor-widget-container\">\n\t\t\t\t\t\t\t\t\t<ul>\n<li>Diagnozowanie usterek i ich usuwanie<\/li>\n<li>Wymiana i rozbudowa Jednostek PC<\/li><li>Monta\u017c komputer\u00f3w z cz\u0119\u015bci klienta<\/li>\n<\/ul>\t\t\t\t\t\t\t\t<\/div>\n\t\t\t\t<\/div>\n\t\t\t\t\t<\/div>\n\t\t<\/div>\n\t\t\t\t<div class=\"elementor-column elementor-col-50 elementor-inner-column elementor-element elementor-element-19ba605\" data-id=\"19ba605\" data-element_type=\"column\" data-e-type=\"column\">\n\t\t\t<div class=\"elementor-widget-wrap elementor-element-populated\">\n\t\t\t\t\t\t<div class=\"elementor-element elementor-element-a2dc624 title_line elementor-widget elementor-widget-heading\" data-id=\"a2dc624\" data-element_type=\"widget\" data-e-type=\"widget\" data-widget_type=\"heading.default\">\n\t\t\t\t<div class=\"elementor-widget-container\">\n\t\t\t\t\t<h5 class=\"elementor-heading-title elementor-size-default\">Tusze i Tonery<\/h5>\t\t\t\t<\/div>\n\t\t\t\t<\/div>\n\t\t\t\t<div class=\"elementor-element elementor-element-7bf6985 elementor-widget elementor-widget-text-editor\" data-id=\"7bf6985\" data-element_type=\"widget\" data-e-type=\"widget\" data-widget_type=\"text-editor.default\">\n\t\t\t\t<div class=\"elementor-widget-container\">\n\t\t\t\t\t\t\t\t\t<ul><li>Materia\u0142y eksploatacyjne do drukarek<\/li><li>Tusze do drukarek HP zamienniki i orygina\u0142y<\/li><li>Tusze do drukarek Brother zamienniki i orygina\u0142y<\/li><li>Tusze do drukarek Canon zamienniki i orygina\u0142y<\/li><li>Tusze do drukarek Epson zamienniki i orygina\u0142y<\/li><li>Tusze do drukarek Lexmark zamienniki i orygina\u0142y<\/li><\/ul>\t\t\t\t\t\t\t\t<\/div>\n\t\t\t\t<\/div>\n\t\t\t\t\t<\/div>\n\t\t<\/div>\n\t\t\t\t\t<\/div>\n\t\t<\/section>\n\t\t\t\t\t<\/div>\n\t\t<\/div>\n\t\t\t\t\t<\/div>\n\t\t<\/section>\n\t\t\t\t<\/div>\n\t\t","protected":false},"excerpt":{"rendered":"<p>Serwis i sprzeda\u017c Sprzeda\u017c Laptop\u00f3w i Komputer\u00f3w u\u017cywanych i nowych Komputery i LaptopyU\u017cywane w cenach od 300z\u0142 Komputery i LaptopyNowe w cenach od 1300z\u0142 Serwis Laptop\u00f3w Naprawa komputer\u00f3w Apple iPad, iMac, Mac, MacBook Rozbudowa komputer\u00f3w Apple, aktualizacja. Diagnozowanie uszkodze\u0144 laptop\u00f3w i komputer\u00f3w Naprawa i konserwacja systemu operacyjnego Usuwanie wirus\u00f3w i przywracanie stabilnego dzia\u0142ania systemu Naprawa [&hellip;]<\/p>\n","protected":false},"author":1,"featured_media":0,"parent":0,"menu_order":0,"comment_status":"closed","ping_status":"closed","template":"","meta":{"footnotes":""},"class_list":["post-12","page","type-page","status-publish","hentry","entry"],"yoast_head":"<!-- This site is optimized with the Yoast SEO plugin v27.5 - https:\/\/yoast.com\/product\/yoast-seo-wordpress\/ -->\n<title>Serwis i sprzeda\u017c - Serwis Laptop&oacute;w i Komputer&oacute;w Ko\u0142obrzeg<\/title>\n<meta name=\"robots\" content=\"index, follow, max-snippet:-1, max-image-preview:large, max-video-preview:-1\" \/>\n<link rel=\"canonical\" href=\"https:\/\/diskon.pl\/index.php\/serwis-i-sprzedaz\/\" \/>\n<meta property=\"og:locale\" content=\"pl_PL\" \/>\n<meta property=\"og:type\" content=\"article\" \/>\n<meta property=\"og:title\" content=\"Serwis i sprzeda\u017c - Serwis Laptop&oacute;w i Komputer&oacute;w Ko\u0142obrzeg\" \/>\n<meta property=\"og:description\" content=\"Serwis i sprzeda\u017c Sprzeda\u017c Laptop\u00f3w i Komputer\u00f3w u\u017cywanych i nowych Komputery i LaptopyU\u017cywane w cenach od 300z\u0142 Komputery i LaptopyNowe w cenach od 1300z\u0142 Serwis Laptop\u00f3w Naprawa komputer\u00f3w Apple iPad, iMac, Mac, MacBook Rozbudowa komputer\u00f3w Apple, aktualizacja. Diagnozowanie uszkodze\u0144 laptop\u00f3w i komputer\u00f3w Naprawa i konserwacja systemu operacyjnego Usuwanie wirus\u00f3w i przywracanie stabilnego dzia\u0142ania systemu Naprawa [&hellip;]\" \/>\n<meta property=\"og:url\" content=\"https:\/\/diskon.pl\/index.php\/serwis-i-sprzedaz\/\" \/>\n<meta property=\"og:site_name\" content=\"Serwis Laptop&oacute;w i Komputer&oacute;w Ko\u0142obrzeg\" \/>\n<meta property=\"article:modified_time\" content=\"2026-02-17T10:52:55+00:00\" \/>\n<meta name=\"twitter:card\" content=\"summary_large_image\" \/>\n<meta name=\"twitter:label1\" content=\"Szacowany czas czytania\" \/>\n\t<meta name=\"twitter:data1\" content=\"2 minuty\" \/>\n<script type=\"application\/ld+json\" class=\"yoast-schema-graph\">{\"@context\":\"https:\\\/\\\/schema.org\",\"@graph\":[{\"@type\":\"WebPage\",\"@id\":\"https:\\\/\\\/diskon.pl\\\/index.php\\\/serwis-i-sprzedaz\\\/\",\"url\":\"https:\\\/\\\/diskon.pl\\\/index.php\\\/serwis-i-sprzedaz\\\/\",\"name\":\"Serwis i sprzeda\u017c - Serwis Laptop&oacute;w i Komputer&oacute;w Ko\u0142obrzeg\",\"isPartOf\":{\"@id\":\"https:\\\/\\\/diskon.pl\\\/#website\"},\"datePublished\":\"2018-06-27T11:51:22+00:00\",\"dateModified\":\"2026-02-17T10:52:55+00:00\",\"breadcrumb\":{\"@id\":\"https:\\\/\\\/diskon.pl\\\/index.php\\\/serwis-i-sprzedaz\\\/#breadcrumb\"},\"inLanguage\":\"pl-PL\",\"potentialAction\":[{\"@type\":\"ReadAction\",\"target\":[\"https:\\\/\\\/diskon.pl\\\/index.php\\\/serwis-i-sprzedaz\\\/\"]}]},{\"@type\":\"BreadcrumbList\",\"@id\":\"https:\\\/\\\/diskon.pl\\\/index.php\\\/serwis-i-sprzedaz\\\/#breadcrumb\",\"itemListElement\":[{\"@type\":\"ListItem\",\"position\":1,\"name\":\"Strona g\u0142\u00f3wna\",\"item\":\"https:\\\/\\\/diskon.pl\\\/\"},{\"@type\":\"ListItem\",\"position\":2,\"name\":\"Serwis i sprzeda\u017c\"}]},{\"@type\":\"WebSite\",\"@id\":\"https:\\\/\\\/diskon.pl\\\/#website\",\"url\":\"https:\\\/\\\/diskon.pl\\\/\",\"name\":\"Serwis Laptop&oacute;w i Komputer&oacute;w Ko\u0142obrzeg\",\"description\":\"Profesjonalne podej\u015bcie do klienta w po\u0142\u0105czeniu z wieloletnim do\u015bwiadczeniem to w\u0142a\u015bnie firma DISKON, dla nas najwa\u017cniejsze jest aby tw&oacute;j laptop by\u0142 zdrowy. Laptop repair service in Ko\u0142obrzeg, Computer repair service in Ko\u0142obrzeg\",\"potentialAction\":[{\"@type\":\"SearchAction\",\"target\":{\"@type\":\"EntryPoint\",\"urlTemplate\":\"https:\\\/\\\/diskon.pl\\\/?s={search_term_string}\"},\"query-input\":{\"@type\":\"PropertyValueSpecification\",\"valueRequired\":true,\"valueName\":\"search_term_string\"}}],\"inLanguage\":\"pl-PL\"}]}<\/script>\n<!-- \/ Yoast SEO plugin. -->","yoast_head_json":{"title":"Serwis i sprzeda\u017c - Serwis Laptop&oacute;w i Komputer&oacute;w Ko\u0142obrzeg","robots":{"index":"index","follow":"follow","max-snippet":"max-snippet:-1","max-image-preview":"max-image-preview:large","max-video-preview":"max-video-preview:-1"},"canonical":"https:\/\/diskon.pl\/index.php\/serwis-i-sprzedaz\/","og_locale":"pl_PL","og_type":"article","og_title":"Serwis i sprzeda\u017c - Serwis Laptop&oacute;w i Komputer&oacute;w Ko\u0142obrzeg","og_description":"Serwis i sprzeda\u017c Sprzeda\u017c Laptop\u00f3w i Komputer\u00f3w u\u017cywanych i nowych Komputery i LaptopyU\u017cywane w cenach od 300z\u0142 Komputery i LaptopyNowe w cenach od 1300z\u0142 Serwis Laptop\u00f3w Naprawa komputer\u00f3w Apple iPad, iMac, Mac, MacBook Rozbudowa komputer\u00f3w Apple, aktualizacja. Diagnozowanie uszkodze\u0144 laptop\u00f3w i komputer\u00f3w Naprawa i konserwacja systemu operacyjnego Usuwanie wirus\u00f3w i przywracanie stabilnego dzia\u0142ania systemu Naprawa [&hellip;]","og_url":"https:\/\/diskon.pl\/index.php\/serwis-i-sprzedaz\/","og_site_name":"Serwis Laptop&oacute;w i Komputer&oacute;w Ko\u0142obrzeg","article_modified_time":"2026-02-17T10:52:55+00:00","twitter_card":"summary_large_image","twitter_misc":{"Szacowany czas czytania":"2 minuty"},"schema":{"@context":"https:\/\/schema.org","@graph":[{"@type":"WebPage","@id":"https:\/\/diskon.pl\/index.php\/serwis-i-sprzedaz\/","url":"https:\/\/diskon.pl\/index.php\/serwis-i-sprzedaz\/","name":"Serwis i sprzeda\u017c - Serwis Laptop&oacute;w i Komputer&oacute;w Ko\u0142obrzeg","isPartOf":{"@id":"https:\/\/diskon.pl\/#website"},"datePublished":"2018-06-27T11:51:22+00:00","dateModified":"2026-02-17T10:52:55+00:00","breadcrumb":{"@id":"https:\/\/diskon.pl\/index.php\/serwis-i-sprzedaz\/#breadcrumb"},"inLanguage":"pl-PL","potentialAction":[{"@type":"ReadAction","target":["https:\/\/diskon.pl\/index.php\/serwis-i-sprzedaz\/"]}]},{"@type":"BreadcrumbList","@id":"https:\/\/diskon.pl\/index.php\/serwis-i-sprzedaz\/#breadcrumb","itemListElement":[{"@type":"ListItem","position":1,"name":"Strona g\u0142\u00f3wna","item":"https:\/\/diskon.pl\/"},{"@type":"ListItem","position":2,"name":"Serwis i sprzeda\u017c"}]},{"@type":"WebSite","@id":"https:\/\/diskon.pl\/#website","url":"https:\/\/diskon.pl\/","name":"Serwis Laptop&oacute;w i Komputer&oacute;w Ko\u0142obrzeg","description":"Profesjonalne podej\u015bcie do klienta w po\u0142\u0105czeniu z wieloletnim do\u015bwiadczeniem to w\u0142a\u015bnie firma DISKON, dla nas najwa\u017cniejsze jest aby tw&oacute;j laptop by\u0142 zdrowy. Laptop repair service in Ko\u0142obrzeg, Computer repair service in Ko\u0142obrzeg","potentialAction":[{"@type":"SearchAction","target":{"@type":"EntryPoint","urlTemplate":"https:\/\/diskon.pl\/?s={search_term_string}"},"query-input":{"@type":"PropertyValueSpecification","valueRequired":true,"valueName":"search_term_string"}}],"inLanguage":"pl-PL"}]}},"_links":{"self":[{"href":"https:\/\/diskon.pl\/index.php\/wp-json\/wp\/v2\/pages\/12","targetHints":{"allow":["GET"]}}],"collection":[{"href":"https:\/\/diskon.pl\/index.php\/wp-json\/wp\/v2\/pages"}],"about":[{"href":"https:\/\/diskon.pl\/index.php\/wp-json\/wp\/v2\/types\/page"}],"author":[{"embeddable":true,"href":"https:\/\/diskon.pl\/index.php\/wp-json\/wp\/v2\/users\/1"}],"replies":[{"embeddable":true,"href":"https:\/\/diskon.pl\/index.php\/wp-json\/wp\/v2\/comments?post=12"}],"version-history":[{"count":6,"href":"https:\/\/diskon.pl\/index.php\/wp-json\/wp\/v2\/pages\/12\/revisions"}],"predecessor-version":[{"id":150,"href":"https:\/\/diskon.pl\/index.php\/wp-json\/wp\/v2\/pages\/12\/revisions\/150"}],"wp:attachment":[{"href":"https:\/\/diskon.pl\/index.php\/wp-json\/wp\/v2\/media?parent=12"}],"curies":[{"name":"wp","href":"https:\/\/api.w.org\/{rel}","templated":true}]}}